= -3 - -6. Give b(r).
-3
Let l(j) = 48*j**2 - 6*j + 0 - 5 + 3 - 52*j**2 + 0. Determine l(-2).
-6
Let z be 2 + (-18 - 2)/4. Let k be ((z + 3)/(-1))/(-3). Let w(i) = -2*i**2 - 1 - 2*i + i**3 + k*i**2 - 17*i**3. Calculate w(-1).
15
Let j(f) = 2*f + 3. Let a(o) = 2*o + 4. Let i(n) = -3*a(n) + 4*j(n). Calculate i(4).
8
Let b(q) = -14*q - 1. Let v be 2/(-2)*1/5*15. What is b(v)?
41
Let c = -6 - -30. Suppose 32 = 5*m - 4*j + j, 0 = -4*m + 2*j + c. Suppose 3*x = m*x - 8. Let z(u) = -u**2 + 10*u - 11. What is z(x)?
5
Let m = -890 + 891. Let w(r) = -26*r**3 - 2*r**2 + r. What is w(m)?
-27
Let b be (-1*2/(-3))/(35/(-210)). Let x(r) = -r**3 - 4*r**2 - 2*r - 2. Calculate x(b).
6
Let t(o) = o**3 - o - 2. Suppose -5*n - 4*d = -24, 2*n - n = 3*d + 1. Suppose m - n = -m. What is t(m)?
4
Let r(t) be the first derivative of 2*t - 1/4*t**4 - 4/3*t**3 + 7 - t**2. Suppose 0 = -4*h + h - 9. Calculate r(h).
-1
Let u(j) = j**2 + 8*j + 3. Let y = 4 - -1. Let g = 54 + -19. Suppose -y*t = -0*t + g. Calculate u(t).
-4
Let t(x) = -5*x + 15. Let g be t(5). Let i be (-1)/((-2)/(-4)) - g. Suppose 4 + i = -4*m. Let a(l) = -l**2 - 3*l + 1. Calculate a(m).
1
Suppose 2*a = -5*f - 12, -5*a + 3 + 1 = 4*f. Suppose -6*k = -11*k. Let v(j) = 0 + k*j + 6 + 4*j + j. What is v(f)?
-14
Let u(i) = -i**3 - 7*i**2 - 7*i + 7. Let l be 147/(-245) + -1 + 27/(-5). Calculate u(l).
56
Let a(d) = -d**3 + 4*d**2 - 3*d + 4. Let w be (4/(-3))/((-8)/(-84)). Let t = -11 - w. Give a(t).
4
Suppose 14 = 3*x + 4*o + 11, -5*x - 4*o + 5 = 0. Let n(f) = -41*f**3 - f + 1. Calculate n(x).
-41
Let g(w) = -2*w**2 + 3*w + 23 + 29 + w**3 - 84 + 30. What is g(2)?
4
Let v(t) be the first derivative of 8*t**3/3 - t**2/2 - t + 1128. Let h be 3/(-4) + (-2)/8. Determine v(h).
8
Let a(y) be the first derivative of 1/2*y**2 + 14*y - 10. Give a(0).
14
Suppose 2*u = 4*i + 7*u - 37, -4*i = -4*u + 8. Let a be (i/(-12)*6)/((-2)/(-8)). Let y(g) = g**3 + 7*g**2 + 6*g + 1. Give y(a).
1
Let d = -92 + 94. Let a(g) = 4*g - 3 + 36*g**d - 34*g**2 - g. What is a(-3)?
6
Let q(a) be the third derivative of -a**5/60 + a**4/3 + 2*a**3 - 21*a**2. Give q(9).
3
Let s be 110/(-20)*4/(-2). Suppose s*k - 15*k = 8. Let p(x) = x**3 + 2*x**2 + 2*x + 3. Calculate p(k).
-1
Let f(m) be the third derivative of m**5/60 + m**4/3 - m**3/6 - 36*m**2. Determine f(-6).
-13
Let o(p) = -11*p + 4*p + 8 + 6*p - 6. Suppose -18 = -2*v - 2*t + 4*t, 5*v - 3*t = 37. Calculate o(v).
-3
Let n = 31 - 31. Suppose n*w + 3*o = 4*w + 9, 2*o = w + 1. Let k(u) = -u**3 - u**2 + 4*u + 3. Determine k(w).
9
Let o(f) = 3*f + 0 - 4*f + 0*f - 1. Calculate o(4).
-5
Let o(j) be the first derivative of 3*j**2/2 + 3*j - 1004. Suppose 0 = -s - g - 4, 0 = -2*s + s - 3*g - 2. Determine o(s).
-12
Let g(l) = -3*l - 3. Suppose 11*x = 6*x + 15. Suppose -x*d = -9*d + 24. Calculate g(d).
-15
Suppose 8*w - 6*w = -16. Let p be 2*1*(w + 11). Let q(o) = -o - 3. What is q(p)?
-9
Let m(a) = -a**2 + 8*a - 11. Let d(f) = -2*f**3 + 25*f**2 - 6*f - 66. Let q be d(12). Calculate m(q).
1
Suppose 2*r + 2*u + 2 = 0, -6*u + 4*u = -r - 13. Let j(x) = x**2 + 0*x**2 + 4*x - 3*x**2 + 3*x**2. What is j(r)?
5
Let f(d) = -d**2 - 4. Let i be f(6). Let o = i + 29. Let n = -16 - o. Let j(t) = -t**3 - 5*t**2 + 2. Calculate j(n).
2
Suppose 86 = 24*b - 10. Let t be (-2)/4*4/(-1). Let o(x) = x**2 - 7*x + x**2 - x**t + 6. What is o(b)?
-6
Let v(b) = -3 + 1 - 3*b**2 + 4*b + b**2. Suppose -5*i + 14 - 4 = 0. Suppose i = o + 2*h, 3*h = -4*o - h + 8. Give v(o).
-2
Let g = 537 + -531. Let s(d) = -d**2 - 5*d + 3. Let h be s(-3). Suppose h = 5*v - g. Let j(i) = i**3 - 2*i**2 - 2. Give j(v).
7
Let u = 24 - 21. Let b be (1 + -13)*u/(-6). Let q(v) be the third derivative of v**5/60 - v**4/6 - 7*v**3/6 - 2*v**2. Determine q(b).
5
Let i(k) = -k - 9. Suppose -7*y + 3*y - 2*u = -30, 3*y - 5*u = 16. Give i(y).
-16
Let f(g) = -2*g + 2*g - 3*g - 5*g**3 - 2*g - 3*g**2 + 7. Let r(l) = 4*l**3 + 2*l**2 + 4*l - 7. Let h(y) = 3*f(y) + 4*r(y). Calculate h(0).
-7
Let y(k) be the second derivative of k**5/20 + 2*k**4/3 + 5*k**3/3 + 9*k**2/2 + 2*k + 147. Give y(-6).
21
Let k(p) = p + 4. Let r(o) = -3*o - 7. Let y be r(-4). Suppose y*t - 2*t = -87. Let v = t - -26. Calculate k(v).
1
Let v(k) = -3*k - 4. Let d(y) = -16*y - 21. Let u(q) = 2*d(q) - 11*v(q). Give u(7).
9
Let v(p) be the second derivative of -p**3/6 + 7*p**2/2 + 5*p - 1. Calculate v(5).
2
Let x be ((-6)/10)/((-10)/(-50)). Let j(b) = -4*b**3 + 3*b**2 - 6*b + 12. Let c(k) = 3*k**3 - 2*k**2 + 4*k - 8. Let v(q) = 7*c(q) + 5*j(q). What is v(x)?
-8
Let q(b) = -1 - 94*b**2 + 91*b**2 + 0*b - 2*b. What is q(2)?
-17
Suppose 3*j - 2 = -2*g + 3*g, 19 = -3*g - 4*j. Let c = -4 + g. Let x = c + 5. Let n(o) = -o**3 - 5*o**2 - 4*o + 2. Calculate n(x).
2
Let o(i) be the third derivative of -i**6/120 - 11*i**5/60 - 19*i**4/24 - 2*i**3/3 - 87*i**2 - 5. Calculate o(-2).
-2
Suppose 9*l = 94 - 40. Let o(p) = -p**2 + 29. Give o(l).
-7
Let o(q) = 3*q + 2*q + 2 - 3*q. Suppose 5*r - 28 + 23 = -3*k, 2*k - 4*r - 18 = 0. Give o(k).
12
Let g = -2 + 1. Let n(i) = 12*i + 13. Let p(y) = 25*y + 28. Let q(w) = 13*n(w) - 6*p(w). What is q(g)?
-5
Let l be (1 - -2)*(-2)/(-6). Let i(b) = 2*b - 2 + l + 3. Let g be i(-4). Let o(f) = -f + 2. Give o(g).
8
Let b(m) = -2*m**3 - 3*m**2 + 5*m + 4. Let r be -1 + 0 - (-4 + 9). Let v be 40/(-12)*9/r. Suppose -v*y + 22 = -3*w - 7, -y = -3*w - 13. Calculate b(w).
16
Let a(w) = 7*w + 7. Let g(m) = -m. Let n(f) = -a(f) - 6*g(f). Determine n(0).
-7
Let i(q) be the third derivative of -q**5/60 + 5*q**4/8 - 2*q**3 - 9*q**2 + 6. What is i(14)?
2
Let p = -59 + 58. Let l be 1/((-4)/(-28)*p)*1. Let y(v) = 2*v + 6. Give y(l).
-8
Suppose -u = -4*j + 22, 5*u + 14 = 5*j - 21. Suppose -2*m + r + 21 = 0, -4*m + 0*r + 27 = 3*r. Let s(o) = m - 2*o + o - 3. What is s(j)?
1
Suppose -6*b = -1 - 23. Let n(j) = j - b*j + 1 + j + 0*j. Give n(-7).
15
Let p(b) = b**2 + 5*b + 0*b**2 - 13 + 26 - 20. What is p(-5)?
-7
Let s(m) = m**3 - 4*m**2 - m + 1. Suppose -2*y = 2*y + 5*o - 27, -4*y + 6 = -2*o. Suppose 0 = 3*h + y - 12. Calculate s(h).
-11
Suppose -3*l - 21 = 27. Let u = l - -29. Suppose -3*k - 2 = u. Let m(v) = -v + 6. Calculate m(k).
11
Let v(f) = -f**2 + 19*f - 99. Let u be v(12). Let a(y) = y**2 + 16*y + 15. Determine a(u).
0
Let s(h) = -28 - 33 - 4*h + 7*h**2 - h**3 - h + 63. Determine s(4).
30
Suppose 0 = -5*y - 12 + 2. Let d = y - -3. Let x(i) = -2*i - 1. Determine x(d).
-3
Let c(g) = -9*g + 12. Let s(m) = -5*m + 6. Let r(f) = 4*c(f) - 7*s(f). Give r(9).
-3
Let p = 37 + -36. Let m(w) = -2 - 1 - 11*w**2 + 2 + w + 0*w. Give m(p).
-11
Let g(c) = -c**2 - c - 1. Let t(h) = -3*h**3 - 3*h**2 - h - 2. Suppose 0*f = f. Suppose f = 4*v - 8. Let k(w) = v*g(w) - t(w). Calculate k(1).
3
Let r(i) = -3*i**3 + 19*i**2 - 4*i + 16. Let n(p) = p**3 - 6*p**2 + p - 5. Let t(m) = -7*n(m) - 2*r(m). Suppose 0 = 2*b + 8. Let o = b - -8. What is t(o)?
7
Let c(n) = 4*n**3 - 14*n**2 - n - 6. Let v(a) = a**3 - 2*a**2 - 1. Let h(l) = -c(l) + 5*v(l). Calculate h(-3).
7
Let z(b) = -11*b**2 + 33*b - 14. Let o(v) = -4*v**2 + 11*v - 5. Let n(y) = 8*o(y) - 3*z(y). Let r = 25 + -17. Determine n(r).
-22
Suppose 0*h = 5*d - 3*h - 10, 5*h = 0. Let g(u) = 11 + 2 - 2*u + 3 - 14*u**d - 17. Determine g(-1).
-13
Let f(o) = o**2 - 7*o - 7. Suppose -5*t + 127 - 92 = 0. Calculate f(t).
-7
Let z(m) = 7*m - 5*m**2 + 14*m**2 - 4 - 6*m**2. Let o(t) = -2*t**2 - 7*t + 4. Let h(d) = 4*o(d) + 3*z(d). What is h(5)?
-6
Suppose 64*y - 58*y = 378. Suppose -6*k = -21 + y. Let f(j) = -j**2 - 7*j - 8. Determine f(k).
-8
Suppose a - 2 + 4 = 0. Let p(d) = d + 1. Let f be p(a). Let k(w) = 4*w + 5. Let i(o) = o**2 - 5*o - 6. Let g(h) = 5*i(h) + 6*k(h). Calculate g(f).
6
Let i(w) = w**3 + 3*w**2 + w + 1. Let a be (-1)/((6 - 4)/18). Let h = -4 - a. Let x(k) = -k + 2. Let p be x(h). Determine i(p).
-2
Let i = -165 - -158. Let o(h) = -4*h**2 - 11*h - 4. Let m(b) = b**2 + b. Let j(p) = -3*m(p) - o(p). Determine j(i).
-3
Suppose -4*z - 5*c + 5 = 0, 2*z = 5*c - 6 + 1. Let j be (-500)/60 - (2/(-6) - z). Let a(u) = u**3 + 9*u**2 + 7*u - 10. What is a(j)?
-2
Let j(t) = -11*t + 26. Let l be j(2). Let s(w) = 3*w - 5. Determine s(l).
7
Let s(z) = z**3 + 6*z**2 - 7*z + 7. Let q be 2 - 18/(-1)*-2. Let o be (-6)/(-21) - 187/(-7). Let f = o + q. Calculate s(f).
7
Let z(d) = -3*d**2 - 4*d - 